y 31.
29
What is the remainder when 547 is divided by 18?
7
Calculate the remainder when 57 is divided by 5.
2
Calculate the remainder when 145 is divided by 52.
41
What is the remainder when 987 is divided by 165?
162
What is the remainder when 58 is divided by 21?
16
What is the remainder when 700 is divided by 44?
40
Calculate the remainder when 92 is divided by 23.
0
What is the remainder when 25 is divided by 17?
8
Calculate the remainder when 123 is divided by 35.
18
Calculate the remainder when 552 is divided by 545.
7
Calculate the remainder when 295 is divided by 177.
118
What is the remainder when 808 is divided by 135?
133
What is the remainder when 117 is divided by 10?
7
What is the remainder when 551 is divided by 80?
71
Calculate the remainder when 922 is divided by 93.
85
Calculate the remainder when 57 is divided by 5.
2
Calculate the remainder when 10 is divided by 8.
2
Calculate the remainder when 21293 is divided by 169.
168
What is the remainder when 558 is divided by 51?
48
Calculate the remainder when 1810 is divided by 37.
34
Calculate the remainder when 37 is divided by 14.
9
Calculate the remainder when 17397 is divided by 137.
135
What is the remainder when 33217 is divided by 44?
41
What is the remainder when 61 is divided by 14?
5
What is the remainder when 13259 is divided by 576?
11
Calculate the remainder when 6560 is divided by 9.
8
Calculate the remainder when 6098 is divided by 359.
354
What is the remainder when 103 is divided by 25?
3
What is the remainder when 71 is divided by 8?
7
What is the remainder when 559 is divided by 56?
55
What is the remainder when 38 is divided by 3?
2
What is the remainder when 139 is divided by 7?
6
Calculate the remainder when 108 is divided by 13.
4
What is the remainder when 180 is divided by 50?
30
Calculate the remainder when 402 is divided by 73.
37
What is the remainder when 988 is divided by 55?
53
What is the remainder when 11945 is divided by 66?
65
Calculate the remainder when 396 is divided by 81.
72
What is the remainder when 38 is divided by 10?
8
What is the remainder when 879 is divided by 12?
3
Calculate the remainder when 40 is divided by 25.
15
Calculate the remainder when 65 is divided by 11.
10
What is the remainder when 81 is divided by 12?
9
What is the remainder when 722 is divided by 92?
78
What is the remainder when 902 is divided by 898?
4
What is the remainder when 570 is divided by 26?
24
What is the remainder when 199 is divided by 127?
72
What is the remainder when 12400 is divided by 79?
76
What is the remainder when 1003 is divided by 4?
3
Calculate the remainder when 133 is divided by 46.
41
What is the remainder when 304 is divided by 148?
8
What is the remainder when 116 is divided by 10?
6
What is the remainder when 247 is divided by 25?
22
Calculate the remainder when 573 is divided by 142.
5
What is the remainder when 233 is divided by 222?
11
Calculate the remainder when 207 is divided by 12.
3
Calculate the remainder when 4681 is divided by 43.
37
What is the remainder when 460 is divided by 97?
72
What is the remainder when 326 is divided by 85?
71
Calculate the remainder when 3213 is divided by 63.
0
Calculate the remainder when 148 is divided by 80.
68
Calculate the remainder when 477 is divided by 16.
13
What is the remainder when 364 is divided by 62?
54
What is the remainder when 402 is divided by 5?
2
Calculate the remainder when 5297 is divided by 20.
17
Calculate the remainder when 13188 is divided by 121.
120
What is the remainder when 271 is divided by 48?
31
Calculate the remainder when 215 is divided by 54.
53
Calculate the remainder when 2968 is divided by 369.
16
Calculate the remainder when 640 is divided by 117.
55
Calculate the remainder when 100 is divided by 37.
26
Calculate the remainder when 69 is divided by 15.
9
Calculate the remainder when 358 is divided by 12.
10
What is the remainder when 227 is divided by 109?
9
What is the remainder when 671 is divided by 104?
47
What is the remainder when 8 is divided by 7?
1
What is the remainder when 213 is divided by 43?
41
What is the remainder when 432 is divided by 35?
12
What is the remainder when 5698 is divided by 228?
226
What is the remainder when 303 is divided by 38?
37
Calculate the remainder when 172 is divided by 14.
4
What is the remainder when 136 is divided by 10?
6
What is the remainder when 7083 is divided by 77?
76
What is the remainder when 125 is divided by 19?
11
Calculate the remainder when 518 is divided by 10.
8
Calculate the remainder when 6697 is divided by 558.
1
Calculate the remainder when 227 is divided by 21.
17
What is the remainder when 6074 is divided by 135?
134
Calculate the remainder when 152 is divided by 22.
20
Calculate the remainder when 434 is divided by 73.
69
Calculate the remainder when 63 is divided by 18.
9
Calculate the remainder when 745 is divided by 276.
193
Calculate the remainder when 102 is divided by 15.
12
Calculate the remainder when 248 is divided by 59.
12
What is the remainder when 110 is divided by 16?
14
Calculate the remainder when 644 is divided by 54.
50
Calculate the remainder when 424 is divided by 39.
34
Calculate the remainder when 395 is divided by 186.
23
What is the remainder when 1922 is divided by 318?
14
Calculate the remainder when 743 is divided by 371.
1
Calculate the remainder when 204 is divided by 41.
40
What is the remainder when 1643 is divided by 323?
28
Calculate the remainder when 949 is divided by 102.
31
What is the remainder when 6269 is divided by 2088?
5
What is the remainder when 390 is divided by 14?
12
Calculate the remainder when 987 is divided by 315.
42
Calculate the remainder when 193 is divided by 129.
64
What is the remainder when 848 is divided by 85?
83
Calculate the remainder when 297 is divided by 12.
9
Calculate the remainder when 72 is divided by 15.
12
Calculate the remainder when 635 is divided by 20.
15
What is the remainder when 136 is divided by 28?
24
Calculate the remainder when 52 is divided by 25.
2
What is the remainder when 79 is divided by 4?
3
Calculate the remainder when 168 is divided by 49.
21
What is the remainder when 51 is divided by 41?
10
What is the remainder when 28 is divided by 17?
11
Calculate the remainder when 176 is divided by 5.
1
Calculate the remainder when 213 is divided by 192.
21
What is the remainder when 3066 is divided by 83?
78
What is the remainder when 194 is divided by 50?
44
Calculate the remainder when 955 is divided by 97.
82
Calculate the remainder when 216 is divided by 65.
21
Calculate the remainder when 78 is divided by 29.
20
What is the remainder when 330 is divided by 29?
11
What is the remainder when 5233 is divided by 154?
151
Calculate the remainder when 95 is divided by 48.
47
What is the remainder when 6245 is divided by 18?
17
What is the remainder when 967 is divided by 17?
15
What is the remainder when 277 is divided by 20?
17
Calculate the remainder when 985 is divided by 371.
243
Calculate the remainder when 1993 is divided by 112.
89
What is the remainder when 3455 is divided by 128?
127
What is the remainder when 878 is divided by 28?
10
Calculate the remainder when 1275 is divided by 232.
115
Calculate the remainder when 2711 is divided by 12.
11
Calculate the remainder when 27 is divided by 7.
6
Calculate the remainder when 261 is divided by 93.
75
What is the remainder when 207 is divided by 61?
24
What is the remainder when 311 is divided by 32?
23
Calculate the remainder when 281 is divided by 57.
53
Calculate the remainder when 1079 is divided by 41.
13
Calculate the remainder when 1757 is divided by 35.
7
What is the remainder when 59 is divided by 32?
27
Calculate the remainder when 6 is divided by 6.
0
What is the remainder when 5843 is divided by 25?
18
What is the remainder when 315 is divided by 158?
157
Calculate the remainder when 2035 is divided by 256.
243
What is the remainder when 199 is divided by 13?
4
What is the remainder when 106 is divided by 19?
11
Calculate the remainder when 1231 is divided by 200.
31
Calculate the remainder when 257 is divided by 49.
12
Calculate the remainder when 458 is divided by 125.
83
Calculate the remainder when 75 is divided by 69.
6
Calculate t